{"id":2,"date":"2019-06-05T13:30:22","date_gmt":"2019-06-05T13:30:22","guid":{"rendered":"http:\/\/fof.oac.uncor.edu\/2020\/?page_id=2"},"modified":"2020-11-16T14:55:37","modified_gmt":"2020-11-16T17:55:37","slug":"home","status":"publish","type":"page","link":"http:\/\/fof.oac.uncor.edu\/2020\/","title":{"rendered":"FOF 2020"},"content":{"rendered":"\n<div class=\"wp-block-image\"><figure class=\"aligncenter\"><img decoding=\"async\" loading=\"lazy\" width=\"500\" height=\"357\" src=\"http:\/\/fof.oac.uncor.edu\/2020\/wp-content\/uploads\/sites\/4\/2019\/08\/logo_nebula.png\" alt=\"\" class=\"wp-image-171\" srcset=\"http:\/\/fof.oac.uncor.edu\/2020\/wp-content\/uploads\/sites\/4\/2019\/08\/logo_nebula.png 500w, http:\/\/fof.oac.uncor.edu\/2020\/wp-content\/uploads\/sites\/4\/2019\/08\/logo_nebula-300x214.png 300w\" sizes=\"(max-width: 500px) 100vw, 500px\" \/><\/figure><\/div>\n\n\n\n<p class=\"has-text-align-center has-medium-font-size\"><strong>X Friends of Friends Meeting<\/strong><br><strong>Linking astronomy and friends in C\u00f3rdoba<\/strong><\/p>\n\n\n\n<p class=\"has-text-align-center has-luminous-vivid-orange-color has-text-color\" style=\"font-size:33px\"><strong><span class=\"has-inline-color has-pale-pink-color\"><a href=\"http:\/\/fof.oac.uncor.edu\/2020\/wp-content\/uploads\/sites\/4\/2020\/11\/circular4_cancel.pdf\">FOF 2020 has been canceled in line with local and international measures being taken to ensure the health and safety of the public. <\/a><\/span><\/strong><\/p>\n\n\n\n<p class=\"has-text-align-center has-vivid-green-cyan-color has-text-color\" style=\"font-size:33px\"><strong><a href=\"http:\/\/fof.oac.uncor.edu\/2021\/\">See you at FOF 2021<\/a><\/strong><\/p>\n\n\n\n<p><\/p>\n\n\n\n<div class=\"wp-block-button aligncenter\"><a class=\"wp-block-button__link has-very-dark-gray-color has-vivid-red-background-color has-text-color has-background no-border-radius\" href=\"#\">Registration Closed<\/a><\/div>\n\n\n\n<p>The Friends of Friends is a yearly international meeting that gathers researchers&nbsp;from  several countries&nbsp;around the world with the&nbsp;purpose of&nbsp;foster&nbsp;interactions&nbsp;with local researchers and promote the creation of new collaboration networks.<\/p>\n\n\n\n<p>The meeting is organized jointly by the&nbsp;Instituto de Astronom\u00eda Te\u00f3rica y Experimental (IATE)&nbsp;and the&nbsp;Observatorio Astron\u00f3mico de C\u00f3rdoba (OAC). The event encourage the strong participation of researchers and doctoral and postdoctoral students from the local community. The main topics are astrophysical plasmas,&nbsp;cosmology, large scale structure, extragalactic astronomy, stellar astrophysics and planetary systems. The official language of the meeting is English.<\/p>\n\n\n\n<p>The main purpose of this meeting is to strengthen existing collaborations and to encourage the interaction between recognized researchers and students, postdocs and local researchers. Also, it aims at promoting the creation of new collaboration networks, exposing the works of local researchers in an international environment, updating the knowledge on the topics presented at the meeting and bringing new research topics and projects to students. The organization of all the activities are oriented to encourage the development of new initiatives with local and visiting participants.&nbsp; Previous editions of this meeting have produced successful collaboration networks to generate observational and theoretical projects.<\/p>\n\n\n\n<p>The organized activities of the FoF meeting generates a friendly environment which promotes interactions between researchers, and include plenary talks, contributed talks and posters, discussing groups and hand on sessions. Also, the introduction of new \u201cfriends\u201d to the collaboration networks allows the inclusion of new approaches, data sources or theoretical tools to ongoing projects.<\/p>\n\n\n\n<p>The talks are oriented to a professional audience, and promotes the discussion of the state of the art of hot topics within the areas of expertise of the organizing institutions research departments and of the participants from other countries. Also, special sessions are organized in order to help students and young researchers to initiate on new subjects or to develop skills and use modern tools.<\/p>\n\n\n\n<div class=\"wp-block-image\"><figure class=\"aligncenter\"><a href=\"http:\/\/oac.unc.edu.ar\/\" target=\"_blank\" rel=\"noreferrer noopener\"><img decoding=\"async\" loading=\"lazy\" width=\"407\" height=\"70\" src=\"http:\/\/fof.oac.uncor.edu\/2020\/wp-content\/uploads\/sites\/4\/2019\/12\/oac.png\" alt=\"\" class=\"wp-image-202\" srcset=\"http:\/\/fof.oac.uncor.edu\/2020\/wp-content\/uploads\/sites\/4\/2019\/12\/oac.png 407w, http:\/\/fof.oac.uncor.edu\/2020\/wp-content\/uploads\/sites\/4\/2019\/12\/oac-300x52.png 300w\" sizes=\"(max-width: 407px) 100vw, 407px\" \/><\/a><\/figure><\/div>\n\n\n\n<div class=\"wp-block-image\"><figure class=\"aligncenter\"><a href=\"https:\/\/www.unc.edu.ar\/ciencia-y-tecnolog%c3%ada\/\" target=\"_blank\" rel=\"noreferrer noopener\"><img decoding=\"async\" loading=\"lazy\" width=\"412\" height=\"81\" src=\"http:\/\/fof.oac.uncor.edu\/2020\/wp-content\/uploads\/sites\/4\/2019\/12\/secyt.png\" alt=\"\" class=\"wp-image-203\" srcset=\"http:\/\/fof.oac.uncor.edu\/2020\/wp-content\/uploads\/sites\/4\/2019\/12\/secyt.png 412w, http:\/\/fof.oac.uncor.edu\/2020\/wp-content\/uploads\/sites\/4\/2019\/12\/secyt-300x59.png 300w\" sizes=\"(max-width: 412px) 100vw, 412px\" \/><\/a><\/figure><\/div>\n\n\n\n<div class=\"wp-block-image\"><figure class=\"aligncenter\"><a href=\"https:\/\/www.ictp.it\/\" target=\"_blank\" rel=\"noreferrer noopener\"><img decoding=\"async\" loading=\"lazy\" width=\"406\" height=\"102\" src=\"http:\/\/fof.oac.uncor.edu\/2020\/wp-content\/uploads\/sites\/4\/2019\/12\/ictp.png\" alt=\"\" class=\"wp-image-200\" srcset=\"http:\/\/fof.oac.uncor.edu\/2020\/wp-content\/uploads\/sites\/4\/2019\/12\/ictp.png 406w, http:\/\/fof.oac.uncor.edu\/2020\/wp-content\/uploads\/sites\/4\/2019\/12\/ictp-300x75.png 300w\" sizes=\"(max-width: 406px) 100vw, 406px\" \/><\/a><\/figure><\/div>\n\n\n\n<div class=\"wp-block-image\"><figure class=\"aligncenter\"><a href=\"https:\/\/mincyt.cba.gov.ar\/\" target=\"_blank\" rel=\"noreferrer noopener\"><img decoding=\"async\" loading=\"lazy\" width=\"407\" height=\"46\" src=\"http:\/\/fof.oac.uncor.edu\/2020\/wp-content\/uploads\/sites\/4\/2019\/12\/mincyt_cba.png\" alt=\"\" class=\"wp-image-201\" srcset=\"http:\/\/fof.oac.uncor.edu\/2020\/wp-content\/uploads\/sites\/4\/2019\/12\/mincyt_cba.png 407w, http:\/\/fof.oac.uncor.edu\/2020\/wp-content\/uploads\/sites\/4\/2019\/12\/mincyt_cba-300x34.png 300w\" sizes=\"(max-width: 407px) 100vw, 407px\" \/><\/a><\/figure><\/div>\n\n\n\n<div class=\"wp-block-image\"><figure class=\"aligncenter\"><a href=\"http:\/\/www.astronomiaargentina.org.ar\/\" target=\"_blank\" rel=\"noreferrer noopener\"><img decoding=\"async\" loading=\"lazy\" width=\"117\" height=\"120\" src=\"http:\/\/fof.oac.uncor.edu\/2020\/wp-content\/uploads\/sites\/4\/2019\/12\/triplea.png\" alt=\"\" class=\"wp-image-204\" \/><\/a><\/figure><\/div>\n\n\n\n<div class=\"wp-block-image\"><figure class=\"aligncenter\"><a href=\"https:\/\/www.conicet.gov.ar\/\" target=\"_blank\" rel=\"noreferrer noopener\"><img decoding=\"async\" loading=\"lazy\" width=\"145\" height=\"83\" src=\"http:\/\/fof.oac.uncor.edu\/2020\/wp-content\/uploads\/sites\/4\/2019\/12\/conicet.png\" alt=\"\" class=\"wp-image-199\" \/><\/a><\/figure><\/div>\n\n\n\n<p><\/p>\n","protected":false},"excerpt":{"rendered":"<p>X Friends of Friends MeetingLinking astronomy and friends in C\u00f3rdoba FOF 2020 has been canceled in line with local and international measures being taken to ensure the health and safety &hellip; <\/p>\n<p class=\"link-more\"><a href=\"http:\/\/fof.oac.uncor.edu\/2020\/\" class=\"more-link\">Continue reading<span class=\"screen-reader-text\"> &#8220;FOF 2020&#8221;<\/span><\/a><\/p>\n","protected":false},"author":24,"featured_media":0,"parent":0,"menu_order":0,"comment_status":"closed","ping_status":"open","template":"","meta":[],"_links":{"self":[{"href":"http:\/\/fof.oac.uncor.edu\/2020\/wp-json\/wp\/v2\/pages\/2"}],"collection":[{"href":"http:\/\/fof.oac.uncor.edu\/2020\/wp-json\/wp\/v2\/pages"}],"about":[{"href":"http:\/\/fof.oac.uncor.edu\/2020\/wp-json\/wp\/v2\/types\/page"}],"author":[{"embeddable":true,"href":"http:\/\/fof.oac.uncor.edu\/2020\/wp-json\/wp\/v2\/users\/24"}],"replies":[{"embeddable":true,"href":"http:\/\/fof.oac.uncor.edu\/2020\/wp-json\/wp\/v2\/comments?post=2"}],"version-history":[{"count":25,"href":"http:\/\/fof.oac.uncor.edu\/2020\/wp-json\/wp\/v2\/pages\/2\/revisions"}],"predecessor-version":[{"id":288,"href":"http:\/\/fof.oac.uncor.edu\/2020\/wp-json\/wp\/v2\/pages\/2\/revisions\/288"}],"wp:attachment":[{"href":"http:\/\/fof.oac.uncor.edu\/2020\/wp-json\/wp\/v2\/media?parent=2"}],"curies":[{"name":"wp","href":"https:\/\/api.w.org\/{rel}","templated":true}]}}