{"id":210,"date":"2023-08-24T15:21:14","date_gmt":"2023-08-24T15:21:14","guid":{"rendered":"https:\/\/fof.oac.uncor.edu\/2024\/?page_id=210"},"modified":"2023-09-13T16:46:14","modified_gmt":"2023-09-13T16:46:14","slug":"venue","status":"publish","type":"page","link":"https:\/\/fof.oac.uncor.edu\/2024\/venue\/","title":{"rendered":"Venue"},"content":{"rendered":"\n<div class=\"wp-block-columns is-layout-flex wp-container-core-columns-is-layout-28f84493 wp-block-columns-is-layout-flex\">\n<div class=\"wp-block-column is-layout-flow wp-block-column-is-layout-flow\" style=\"flex-basis:60%\">\n<figure class=\"wp-block-image size-large\"><a href=\"https:\/\/goo.gl\/maps\/g7EWTwTViV3XVye4A\" target=\"_blank\" rel=\"noreferrer noopener\"><img fetchpriority=\"high\" decoding=\"async\" width=\"807\" height=\"643\" src=\"https:\/\/fof.oac.uncor.edu\/2024\/wp-content\/uploads\/sites\/5\/2023\/08\/Screen-Shot-2023-08-25-at-21.43.23-1-edited.png\" alt=\"\" class=\"wp-image-309\" srcset=\"https:\/\/fof.oac.uncor.edu\/2024\/wp-content\/uploads\/sites\/5\/2023\/08\/Screen-Shot-2023-08-25-at-21.43.23-1-edited.png 807w, https:\/\/fof.oac.uncor.edu\/2024\/wp-content\/uploads\/sites\/5\/2023\/08\/Screen-Shot-2023-08-25-at-21.43.23-1-edited-300x239.png 300w, https:\/\/fof.oac.uncor.edu\/2024\/wp-content\/uploads\/sites\/5\/2023\/08\/Screen-Shot-2023-08-25-at-21.43.23-1-edited-768x612.png 768w\" sizes=\"(max-width: 807px) 100vw, 807px\" \/><\/a><\/figure>\n<\/div>\n\n\n\n<div class=\"wp-block-column is-layout-flow wp-block-column-is-layout-flow\">\n<h2 class=\"wp-block-heading\">Location<\/h2>\n\n\n\n<p>The meeting will take place in the Auditorio Mirta Mosconi at the Observatorio Astron\u00f3mico of C\u00f3rdoba. <br><br><mark style=\"background-color:#ffffff;color:#058757\" class=\"has-inline-color\"><strong>NOTICE<\/strong><\/mark>: The campus has two access points from the south through Laprida street and from the north through San Jos\u00e9 de Calasanz street. <\/p>\n\n\n\n<h2 class=\"wp-block-heading\">Address<\/h2>\n\n\n\n<p>Laprida 854, B\u00ba Observatorio, C\u00f3rdoba, Argentina.<\/p>\n<\/div>\n<\/div>\n\n\n\n<h2 class=\"wp-block-heading\">Arriving by plane<\/h2>\n\n\n\n<p>International flights could arrive directly to the city airport <em>Aeropuerto Ing. Aeron\u00e1utico Ambrosio Taravella<\/em>, also known as <em>Aeropuerto Pajas Blancas<\/em> (address: La Voz del Interior 8500, C\u00f3rdoba). <br>From here, you can either take a taxi or the Aerobus service to the downtown area with the closest stop near Bv San Juan street.<br>For more information, please visit <a href=\"https:\/\/www.aa2000.com.ar\/cordoba\/Transporte?qa=COR\">https:\/\/www.aa2000.com.ar\/cordoba\/Transporte?qa=COR<\/a>  <\/p>\n\n\n\n<h2 class=\"wp-block-heading\">Arriving by bus<\/h2>\n\n\n\n<p>If you are traveling by bus, you will arrive to the bus station <em>Terminal de \u00d3mnibus de C\u00f3rdoba <\/em>(address: Presidente Per\u00f3n 380, C\u00f3rdoba). From here, you can either take a public transport or a taxi right outside the terminal main entrance. <\/p>\n\n\n\n<p>For more specific information about local public transport, you can use the app <a href=\"https:\/\/moovitapp.com\/cordoba-1623\/poi\/es?utm_source=widget\">Moovit<\/a> (in Spanish).<\/p>\n\n\n\n<hr class=\"wp-block-separator has-alpha-channel-opacity\" \/>\n\n\n\n<h2 class=\"wp-block-heading\">Accomodation<\/h2>\n\n\n\n<p>There are several places near the Observatory to stay during the meeting. <br>We list some of the closest ones: <\/p>\n\n\n\n<div class=\"wp-block-columns is-layout-flex wp-container-core-columns-is-layout-28f84493 wp-block-columns-is-layout-flex\">\n<div class=\"wp-block-column is-layout-flow wp-block-column-is-layout-flow\">\n<h3 class=\"wp-block-heading\">Hotels <\/h3>\n\n\n\n<ul class=\"wp-block-list\">\n<li><a href=\"http:\/\/www.y111hotel.com\/\" rel=\"noreferrer noopener\" target=\"_blank\">Y111 Hotel<\/a><\/li>\n\n\n\n<li><a href=\"https:\/\/www.solans.com\/hotel_solans_en_cordoba\" rel=\"noreferrer noopener\" target=\"_blank\">Caseros 248<\/a><\/li>\n\n\n\n<li><a rel=\"noreferrer noopener\" href=\"https:\/\/www.nh-hotels.com\/hotel\/nh-cordoba-urbano\" target=\"_blank\">NH C\u00f3rdoba Urbano<\/a><\/li>\n\n\n\n<li><a rel=\"noreferrer noopener\" href=\"https:\/\/www.nh-hotels.com\/hotel\/nh-cordoba-panorama\" target=\"_blank\">NH Panorama<\/a> <\/li>\n\n\n\n<li><a href=\"http:\/\/www.amerian.com\/hotel\/amerian-cordoba-park-hotel\" rel=\"noreferrer noopener\" target=\"_blank\">Amerian C\u00f3rdoba Park Hotel<\/a><\/li>\n\n\n\n<li><a rel=\"noreferrer noopener\" href=\"http:\/\/hoteldelacaniada.com\/\" target=\"_blank\">Hotel de la Ca\u00f1ada<\/a><\/li>\n<\/ul>\n<\/div>\n\n\n\n<div class=\"wp-block-column is-layout-flow wp-block-column-is-layout-flow\">\n<h3 class=\"wp-block-heading\">Aparts<\/h3>\n\n\n\n<ul class=\"wp-block-list\">\n<li><a href=\"https:\/\/www.kubecordoba.com.ar\">Kube Aparments<\/a><\/li>\n\n\n\n<li><a href=\"https:\/\/www.concordapart.com.ar\">Concord Rent Apart<\/a><\/li>\n\n\n\n<li><a href=\"http:\/\/aparthotelmagali.com.ar\/\">Apart Hotel Magal\u00ed<\/a><\/li>\n<\/ul>\n<\/div>\n<\/div>\n","protected":false},"excerpt":{"rendered":"<p>Location The meeting will take place in the Auditorio Mirta Mosconi at the Observatorio Astron\u00f3mico of C\u00f3rdoba. NOTICE: The campus has two access points from the south through Laprida street and from the north through San Jos\u00e9 de Calasanz street. Address Laprida 854, B\u00ba Observatorio, C\u00f3rdoba, Argentina. Arriving by plane International flights could arrive directly &hellip; <\/p>\n<p class=\"link-more\"><a href=\"https:\/\/fof.oac.uncor.edu\/2024\/venue\/\" class=\"more-link\">Read more<span class=\"screen-reader-text\"> &#8220;Venue&#8221;<\/span><\/a><\/p>\n","protected":false},"author":2,"featured_media":0,"parent":0,"menu_order":0,"comment_status":"closed","ping_status":"closed","template":"","meta":{"footnotes":""},"class_list":["post-210","page","type-page","status-publish","hentry"],"_links":{"self":[{"href":"https:\/\/fof.oac.uncor.edu\/2024\/wp-json\/wp\/v2\/pages\/210","targetHints":{"allow":["GET"]}}],"collection":[{"href":"https:\/\/fof.oac.uncor.edu\/2024\/wp-json\/wp\/v2\/pages"}],"about":[{"href":"https:\/\/fof.oac.uncor.edu\/2024\/wp-json\/wp\/v2\/types\/page"}],"author":[{"embeddable":true,"href":"https:\/\/fof.oac.uncor.edu\/2024\/wp-json\/wp\/v2\/users\/2"}],"replies":[{"embeddable":true,"href":"https:\/\/fof.oac.uncor.edu\/2024\/wp-json\/wp\/v2\/comments?post=210"}],"version-history":[{"count":37,"href":"https:\/\/fof.oac.uncor.edu\/2024\/wp-json\/wp\/v2\/pages\/210\/revisions"}],"predecessor-version":[{"id":470,"href":"https:\/\/fof.oac.uncor.edu\/2024\/wp-json\/wp\/v2\/pages\/210\/revisions\/470"}],"wp:attachment":[{"href":"https:\/\/fof.oac.uncor.edu\/2024\/wp-json\/wp\/v2\/media?parent=210"}],"curies":[{"name":"wp","href":"https:\/\/api.w.org\/{rel}","templated":true}]}}