{"id":4,"date":"2023-07-31T18:24:19","date_gmt":"2023-07-31T18:24:19","guid":{"rendered":"https:\/\/fof.oac.uncor.edu\/2024\/?page_id=4"},"modified":"2024-03-27T22:44:53","modified_gmt":"2024-03-27T22:44:53","slug":"home","status":"publish","type":"page","link":"https:\/\/fof.oac.uncor.edu\/2024\/","title":{"rendered":""},"content":{"rendered":"\n<h2 class=\"wp-block-heading has-text-align-center\">About the meeting<\/h2>\n\n\n\n<p>The Friends of Friends (FoF) meeting is a yearly international meeting that aims to gather researchers from around the world with the purpose of fostering interactions with local researchers and promoting the creation of new collaboration networks. The meeting is jointly organized by the Instituto de Astronom\u00eda Te\u00f3rica y Experimental (IATE) and the Observatorio Astron\u00f3mico de C\u00f3rdoba (OAC).<br>The FoF meeting is not oriented to a specific topic. In this edition, the meeting will cover most of the research areas that are being developed in both institutions and it will emphasize those newer and less developed ones that will be of interest to the local astronomical community. Topics will focus on Radioastronomy, Solar physics, Exoplanets dynamics, evolution and interaction with their surroundings, Exoplanets detection and characterization, Interstellar medium, Stars, Data Science, Large-scale structure, and Galaxies. The meeting will help to highlight new observational projects like the radiotelescopes that are being developed in Argentina, e.g. CART (China-Argentina Radio Telescope) and LLAMA (Large Latin American Millimeter Array).<\/p>\n\n\n\n<h2 class=\"wp-block-heading has-text-align-center\">Organizing Institutions<\/h2>\n\n\n\n<div class=\"wp-block-columns alignwide are-vertically-aligned-center is-layout-flex wp-container-core-columns-is-layout-28f84493 wp-block-columns-is-layout-flex\">\n<div class=\"wp-block-column is-vertically-aligned-center is-layout-flow wp-block-column-is-layout-flow\">\n<figure class=\"wp-block-image aligncenter size-full is-resized\"><a href=\"https:\/\/iate.oac.uncor.edu\/\" target=\"_blank\" rel=\"https:\/\/iate.oac.uncor.edu\/ noreferrer noopener\"><img fetchpriority=\"high\" decoding=\"async\" width=\"966\" height=\"392\" src=\"https:\/\/fof.oac.uncor.edu\/2024\/wp-content\/uploads\/sites\/5\/2023\/08\/IATE-01.png\" alt=\"\" class=\"wp-image-142\" style=\"object-fit:contain;width:340px;height:138px\" srcset=\"https:\/\/fof.oac.uncor.edu\/2024\/wp-content\/uploads\/sites\/5\/2023\/08\/IATE-01.png 966w, https:\/\/fof.oac.uncor.edu\/2024\/wp-content\/uploads\/sites\/5\/2023\/08\/IATE-01-300x122.png 300w, https:\/\/fof.oac.uncor.edu\/2024\/wp-content\/uploads\/sites\/5\/2023\/08\/IATE-01-768x312.png 768w\" sizes=\"(max-width: 966px) 100vw, 966px\" \/><\/a><\/figure>\n<\/div>\n\n\n\n<div class=\"wp-block-column is-vertically-aligned-center is-layout-flow wp-block-column-is-layout-flow\">\n<figure class=\"wp-block-image aligncenter size-full is-resized\"><a href=\"https:\/\/oac.unc.edu.ar\/\" target=\"_blank\" rel=\"https:\/\/oac.unc.edu.ar\/ noreferrer noopener\"><img decoding=\"async\" width=\"502\" height=\"219\" src=\"https:\/\/fof.oac.uncor.edu\/2024\/wp-content\/uploads\/sites\/5\/2023\/08\/Logo_OAC_Negro.png\" alt=\"\" class=\"wp-image-153\" style=\"object-fit:contain;width:270px;height:128px\" srcset=\"https:\/\/fof.oac.uncor.edu\/2024\/wp-content\/uploads\/sites\/5\/2023\/08\/Logo_OAC_Negro.png 502w, https:\/\/fof.oac.uncor.edu\/2024\/wp-content\/uploads\/sites\/5\/2023\/08\/Logo_OAC_Negro-300x131.png 300w\" sizes=\"(max-width: 502px) 100vw, 502px\" \/><\/a><\/figure>\n<\/div>\n<\/div>\n\n\n\n<h2 class=\"wp-block-heading has-text-align-center\">SOC &amp; LOC<\/h2>\n\n\n\n<p class=\"has-text-align-center\">Laura Baravalle (IATE)<br>Viviana Bertazzi (IATE)<br>Emiliano Jofr\u00e9 (OAC)<br>Adriana Rodriguez Kamenetzky (IATE)<br>Cecilia Ortiz (OAC)<br>Romina Petrucci (OAC)<br>Carlos Valotto (IATE)<br>Carolina Villalon (IATE)<br>Carolina Villarreal D\u2019Angelo (IATE)<br>Ernesto Zurbriggen (IATE)<\/p>\n\n\n\n<h2 class=\"wp-block-heading has-text-align-center\">Sponsors<\/h2>\n\n\n\n<div class=\"wp-block-columns are-vertically-aligned-center is-layout-flex wp-container-core-columns-is-layout-28f84493 wp-block-columns-is-layout-flex\">\n<div class=\"wp-block-column is-vertically-aligned-center is-layout-flow wp-block-column-is-layout-flow\" style=\"flex-basis:400px\">\n<figure class=\"wp-block-image aligncenter size-large is-resized\"><img decoding=\"async\" width=\"1024\" height=\"326\" src=\"https:\/\/fof.oac.uncor.edu\/2024\/wp-content\/uploads\/sites\/5\/2023\/08\/unc3_b-1024x326.jpg\" alt=\"\" class=\"wp-image-341\" style=\"width:200px;height:undefinedpx\" srcset=\"https:\/\/fof.oac.uncor.edu\/2024\/wp-content\/uploads\/sites\/5\/2023\/08\/unc3_b-1024x326.jpg 1024w, https:\/\/fof.oac.uncor.edu\/2024\/wp-content\/uploads\/sites\/5\/2023\/08\/unc3_b-300x95.jpg 300w, https:\/\/fof.oac.uncor.edu\/2024\/wp-content\/uploads\/sites\/5\/2023\/08\/unc3_b-768x244.jpg 768w, https:\/\/fof.oac.uncor.edu\/2024\/wp-content\/uploads\/sites\/5\/2023\/08\/unc3_b-1536x489.jpg 1536w, https:\/\/fof.oac.uncor.edu\/2024\/wp-content\/uploads\/sites\/5\/2023\/08\/unc3_b.jpg 1657w\" sizes=\"(max-width: 1024px) 100vw, 1024px\" \/><\/figure>\n<\/div>\n\n\n\n<div class=\"wp-block-column is-vertically-aligned-center is-layout-flow wp-block-column-is-layout-flow\" style=\"flex-basis:400px\">\n<figure class=\"wp-block-image aligncenter size-full is-resized\"><img loading=\"lazy\" decoding=\"async\" width=\"684\" height=\"378\" src=\"https:\/\/fof.oac.uncor.edu\/2024\/wp-content\/uploads\/sites\/5\/2023\/08\/secyt_logo.jpg\" alt=\"\" class=\"wp-image-342\" style=\"width:180px;height:undefinedpx\" srcset=\"https:\/\/fof.oac.uncor.edu\/2024\/wp-content\/uploads\/sites\/5\/2023\/08\/secyt_logo.jpg 684w, https:\/\/fof.oac.uncor.edu\/2024\/wp-content\/uploads\/sites\/5\/2023\/08\/secyt_logo-300x166.jpg 300w\" sizes=\"(max-width: 684px) 100vw, 684px\" \/><\/figure>\n<\/div>\n\n\n\n<div class=\"wp-block-column is-vertically-aligned-center is-layout-flow wp-block-column-is-layout-flow\" style=\"flex-basis:400px\">\n<figure class=\"wp-block-image aligncenter size-large is-resized\"><img loading=\"lazy\" decoding=\"async\" width=\"1024\" height=\"587\" src=\"https:\/\/fof.oac.uncor.edu\/2024\/wp-content\/uploads\/sites\/5\/2023\/09\/Conicet_Logo_con_letras-4-1024x587.png\" alt=\"\" class=\"wp-image-463\" style=\"width:137px;height:79px\" srcset=\"https:\/\/fof.oac.uncor.edu\/2024\/wp-content\/uploads\/sites\/5\/2023\/09\/Conicet_Logo_con_letras-4-1024x587.png 1024w, https:\/\/fof.oac.uncor.edu\/2024\/wp-content\/uploads\/sites\/5\/2023\/09\/Conicet_Logo_con_letras-4-300x172.png 300w, https:\/\/fof.oac.uncor.edu\/2024\/wp-content\/uploads\/sites\/5\/2023\/09\/Conicet_Logo_con_letras-4-768x440.png 768w, https:\/\/fof.oac.uncor.edu\/2024\/wp-content\/uploads\/sites\/5\/2023\/09\/Conicet_Logo_con_letras-4.png 1181w\" sizes=\"(max-width: 1024px) 100vw, 1024px\" \/><\/figure>\n<\/div>\n\n\n\n<div class=\"wp-block-column is-vertically-aligned-center is-layout-flow wp-block-column-is-layout-flow\" style=\"flex-basis:400px\">\n<figure class=\"wp-block-image aligncenter size-full is-resized\"><img loading=\"lazy\" decoding=\"async\" width=\"292\" height=\"300\" src=\"https:\/\/fof.oac.uncor.edu\/2024\/wp-content\/uploads\/sites\/5\/2023\/08\/aaa_logo_large.png\" alt=\"\" class=\"wp-image-344\" style=\"object-fit:contain;width:100px;height:100px\" \/><\/figure>\n<\/div>\n<\/div>\n\n\n\n<figure class=\"wp-block-image aligncenter size-large is-resized\"><img loading=\"lazy\" decoding=\"async\" width=\"1024\" height=\"211\" src=\"https:\/\/fof.oac.uncor.edu\/2024\/wp-content\/uploads\/sites\/5\/2024\/03\/Logo_ictp-2-1024x211.png\" alt=\"\" class=\"wp-image-773\" style=\"width:356px;height:auto\" srcset=\"https:\/\/fof.oac.uncor.edu\/2024\/wp-content\/uploads\/sites\/5\/2024\/03\/Logo_ictp-2-1024x211.png 1024w, https:\/\/fof.oac.uncor.edu\/2024\/wp-content\/uploads\/sites\/5\/2024\/03\/Logo_ictp-2-300x62.png 300w, https:\/\/fof.oac.uncor.edu\/2024\/wp-content\/uploads\/sites\/5\/2024\/03\/Logo_ictp-2-768x159.png 768w, https:\/\/fof.oac.uncor.edu\/2024\/wp-content\/uploads\/sites\/5\/2024\/03\/Logo_ictp-2.png 1051w\" sizes=\"(max-width: 1024px) 100vw, 1024px\" \/><\/figure>\n","protected":false},"excerpt":{"rendered":"<p>About the meeting The Friends of Friends (FoF) meeting is a yearly international meeting that aims to gather researchers from around the world with the purpose of fostering interactions with local researchers and promoting the creation of new collaboration networks. The meeting is jointly organized by the Instituto de Astronom\u00eda Te\u00f3rica y Experimental (IATE) and &hellip; <\/p>\n<p class=\"link-more\"><a href=\"https:\/\/fof.oac.uncor.edu\/2024\/\" class=\"more-link\">Read more<span class=\"screen-reader-text\"> &#8220;&#8221;<\/span><\/a><\/p>\n","protected":false},"author":1,"featured_media":0,"parent":0,"menu_order":0,"comment_status":"closed","ping_status":"closed","template":"","meta":{"footnotes":""},"class_list":["post-4","page","type-page","status-publish","hentry"],"_links":{"self":[{"href":"https:\/\/fof.oac.uncor.edu\/2024\/wp-json\/wp\/v2\/pages\/4","targetHints":{"allow":["GET"]}}],"collection":[{"href":"https:\/\/fof.oac.uncor.edu\/2024\/wp-json\/wp\/v2\/pages"}],"about":[{"href":"https:\/\/fof.oac.uncor.edu\/2024\/wp-json\/wp\/v2\/types\/page"}],"author":[{"embeddable":true,"href":"https:\/\/fof.oac.uncor.edu\/2024\/wp-json\/wp\/v2\/users\/1"}],"replies":[{"embeddable":true,"href":"https:\/\/fof.oac.uncor.edu\/2024\/wp-json\/wp\/v2\/comments?post=4"}],"version-history":[{"count":81,"href":"https:\/\/fof.oac.uncor.edu\/2024\/wp-json\/wp\/v2\/pages\/4\/revisions"}],"predecessor-version":[{"id":1099,"href":"https:\/\/fof.oac.uncor.edu\/2024\/wp-json\/wp\/v2\/pages\/4\/revisions\/1099"}],"wp:attachment":[{"href":"https:\/\/fof.oac.uncor.edu\/2024\/wp-json\/wp\/v2\/media?parent=4"}],"curies":[{"name":"wp","href":"https:\/\/api.w.org\/{rel}","templated":true}]}}